t c be u(8). Let f = -27 + c. List the prime factors of f.
2, 3
Let s = -16 + 25. Let n(i) = 1 + 11*i + 0*i**2 - i**2 - 3. List the prime factors of n(s).
2
Let t(b) be the second derivative of 3*b**4/2 + b**3/3 + b**2/2 - 5*b. List the prime factors of t(-1).
17
Let n(l) = 3*l**3 + 4*l**2 - 2*l - 4. What are the prime factors of n(4)?
2, 61
Let a be 30/4*(-4)/2. Let t be (-12)/(-21) - (-60)/(-7). Let p = t - a. List the prime factors of p.
7
Suppose 140 + 18 = 3*d + i, -i = -2*d + 102. What are the prime factors of d?
2, 13
Let x be 2*(-1 - (-5)/2). Suppose x*v - 5 - 4 = b, 3*b + 7 = -v. List the prime factors of 25/v - (-2)/(-4).
2, 3
Let g(z) = z + 2. Let d = 10 - 16. Let r be g(d). What are the prime factors of (-8)/r - (-20)/2?
2, 3
Let w be (3 + 1)/((-6)/(-9)). Suppose w*g - 70 = g. What are the prime factors of g?
2, 7
Let f(u) = u - 4. Let j be f(3). What are the prime factors of 21 - 0/(j + 4)?
3, 7
Let z(i) = -2*i**3 - 5*i**2 - i + 3. Let a = -1 - 2. Let w be z(a). Suppose -3 = -2*n + w. List the prime factors of n.
3
Let s = -3 + 6. Suppose 5*x = 2*x + 2*w + 46, 0 = -s*x - 4*w + 16. What are the prime factors of x?
2, 3
Let m = -25 - -38. What are the prime factors of m?
13
Let h be 2/(-3)*18/(-3). Let r(l) = -l**2 + 4*l + 2. Let w be r(h). What are the prime factors of (-2)/6*w*-18?
2, 3
Let j = -4 + 1. Let w = 6 + j. List the prime factors of w.
3
Let v be (-2 - -6)*(-162)/24. List the prime factors of 41/3 + 18/v.
13
Let k(p) = p**3 + 3*p**2 - 2*p + 3. Suppose -a - 12 = 2*a. Let h be k(a). Let s = h - -7. What are the prime factors of s?
2
Let s(b) = -2*b**2 + 6*b - 5. Let o be s(7). Let n = 97 + o. Suppose 4*k = -3*y + n, -2*y + 42 = 3*k + 15. List the prime factors of k.
3
Suppose 0 = -4*d - 0*d + 16. Let v(t) = 2*t**3 - 5*t**2. Let q be v(d). Suppose 5*z = 5*j + 70, -3*z = -4*j - j - q. List the prime factors of z.
11
Let m(l) = -l - 2. Let o be m(-4). Let h be (-4)/10 + (-32)/(-5). Suppose h*z - 16 = o*z. What are the prime factors of z?
2
Let j(s) be the first derivative of s**4/2 + 4*s**3/3 - 5*s**2/2 + 3*s + 5. What are the prime factors of j(2)?
5
Let m be 3*(1 + 3 - 3). Suppose 75 = -0*n + m*n. What are the prime factors of n?
5
Let u = 13 - -37. Suppose -5*k - 4*x + u = x, -x = -3*k + 14. What are the prime factors of k?
2, 3
Let g(p) = -2*p + 18. Let z be g(8). Suppose 2*w + 3*w = 2*s - 46, -4 = -z*w. What are the prime factors of s?
2, 7
Let d = 7 - 5. Suppose -2*v = -6, -d*t - 2*v - 2*v = -36. What are the prime factors of t?
2, 3
Let d = 83 + -50. List the prime factors of d.
3, 11
Let s(d) = d**2 - d + 17. List the prime factors of s(-8).
89
Let y(w) = w**3 - 4*w**2 - 5*w + 4. Suppose 0 = -0*q - 3*q + 15. Let m be y(q). Suppose -8*s = -m*s - 60. List the prime factors of s.
3, 5
Suppose 7 = 4*g - 2*g + 5*y, 5*g - 55 = -5*y. What are the prime factors of g?
2
Suppose 0 = -3*m + 17 - 5. Suppose -60 = -m*n + 68. What are the prime factors of n?
2
Suppose 0*f - 5*f = -3*o - 77, -124 = 5*o - 4*f. Let c = -14 - o. List the prime factors of 2/(-4) + 25/c.
2
Suppose -6*k = -3*k - 6. Suppose -12 = k*y - 54. What are the prime factors of y?
3, 7
Let a(p) = -9*p + 13. List the prime factors of a(-4).
7
Suppose d - 4*h = 75, -d - 3*h = 2*d - 180. Let b = d + -19. What are the prime factors of b?
2, 11
Let o = 0 - -21. List the prime factors of o.
3, 7
Let f = 5 + -3. Let s be f - (5 + -2) - 2. Let y = 5 + s. What are the prime factors of y?
2
Let a be 0 - (2 - 1)/1. Let o = 10 - 22. What are the prime factors of a/(-4) + (-81)/o?
7
Let r = -42 - -146. What are the prime factors of r?
2, 13
List the prime factors of -1 - -4 - (-59 - -18).
2, 11
Suppose 3*g - 209 = -2*h, 5*h + 293 + 24 = 4*g. What are the prime factors of g?
73
Suppose -2*w = -2*o - 16, 3*o + 20 = w - 0*w. Let j = -1 - o. What are the prime factors of j?
5
Let c = 85 + -59. Suppose 5*x + 74 - 4 = 0. Let j = c + x. List the prime factors of j.
2, 3
Let u be (-4)/(-18) + 25/9. Suppose j - 20 = -u*j. Suppose -2*n = -j*n + 4*r + 26, 5*r + 25 = 0. What are the prime factors of n?
2
Suppose p - 3 = -25. What are the prime factors of (p/10)/(3/(-15))?
11
Suppose 2*f + 14 = 4*f. List the prime factors of f.
7
Let s be ((0 - -118)/1)/2. Let g = -14 + s. What are the prime factors of g?
3, 5
Suppose 3*a + 356 = 2*n, 2*n - 196 = -3*a + 184. What are the prime factors of n?
2, 23
Let n(c) = -9*c**2 + 4 + c**3 + 2*c**3 - 2*c**3 + 1 + 8*c. Let i be n(8). Suppose 11 = i*d - 4. List the prime factors of d.
3
Let q be -5*(-28)/4 + -1. Let y(i) = -4*i**2 + 4*i + 3. Let a be y(-2). Let n = q + a. List the prime factors of n.
13
Suppose -4*l + 8*l - 3*w = 0, 3 = -3*l + 3*w. Suppose 0*h + l*h = 51. What are the prime factors of h?
17
Let v = 6 + -3. Suppose v*g - 26 = 5*s, -3*s = 2*g + 2*s + 16. What are the prime factors of g?
2
What are the prime factors of 182 + 4*2/(-4)?
2, 3, 5
Suppose -4*s + 3*b - 2*b = -53, -5*b = 25. What are the prime factors of s?
2, 3
Suppose 3*z = 5*z - 3*o - 14, 5*z - 4*o - 28 = 0. Let j be (z/(-6))/(4/(-30)). Suppose -j*b + 11 = 1. List the prime factors of b.
2
Let d(n) = n**3 - 5*n**2 + 4*n. Let m be d(4). Suppose -5*i + 1 + 9 = m. List the prime factors of -5*(0 - i)*1.
2, 5
Suppose z - 3*o + 9 = -o, 5*o - 15 = 0. Let k(g) = g**3 + 5*g**2 + 4*g + 1. Let n be k(z). List the prime factors of n*(-1)/(-2)*2.
7
Let j(o) = -o + 4. Let z be j(6). Suppose 0 = -8*n + 3*n + 5. List the prime factors of (n + z)/(-1) - -1.
2
Let p(a) be the first derivative of a**3/3 - a**2 + 2*a + 3. What are the prime factors of p(-3)?
17
Suppose g - 2 = -0. Let j be ((-4)/(-8))/(g/(-16)). What are the prime factors of 85/10 + 2/j?
2
Let h(i) = -i**2 - 5*i + 7. Let a be (-3)/5 - (-22)/(-5). What are the prime factors of h(a)?
7
Suppose -4*t = -9*t - 2*q + 20, -3*t + 5*q = 19. Suppose -4*h + t*v = -2*v - 92, -4*v - 4 = 0. Let i = h - 10. List the prime factors of i.
2, 3
Suppose 21*c - 25*c + 976 = 0. List the prime factors of c.
2, 61
Let v(c) = c - 5. Let s be v(-7). Suppose 0*q + 27 = q. Let k = q + s. List the prime factors of k.
3, 5
Suppose 0*m - 48 = 4*m. Let k = -28 - -19. Let a = k - m. What are the prime factors of a?
3
Suppose 5*p - 3*m = -3, 0 = -p - 2*m + m + 1. Suppose 3*v + 7 - 67 = p. Suppose 0 = -r - r + v. What are the prime factors of r?
2, 5
Let d = 3 - -22. List the prime factors of d.
5
List the prime factors of (-2)/(-4) - ((-1595)/2)/5.
2, 5
Suppose -d + 6*d - 90 = 0. What are the prime factors of d?
2, 3
Let l be ((-35)/21)/((-2)/6). Suppose l*u - 102 = 3. What are the prime factors of u?
3, 7
Let c(h) be the second derivative of h**3/6 + h**2/2 - h. List the prime factors of c(4).
5
Suppose 4*d + 2*x + 226 - 1484 = 0, 4*x + 1553 = 5*d. What are the prime factors of d?
313
Let q(f) = f**2 + 2. Let b be q(0). Suppose -b*d = -0*d - 10. What are the prime factors of 7 - d - 0/2?
2
Let c(x) = x**2 + 7*x + 2. What are the prime factors of c(-7)?
2
Let v = 7 - 4. Let y be 6/9 - 2/v. Let o = y + 2. What are the prime factors of o?
2
Suppose 3*q - 5*n - 21 = 0, -2*q + 2*n + 14 + 0 = 0. List the prime factors of q.
7
Let l(a) = -4 + 4*a - a - 2*a**2 + 0*a**2 + a**2 - a**3. What are the prime factors of l(-3)?
5
Suppose -8*x = 2*x - 290. List the prime factors of x.
29
Let h(c) = -c**2 + 9*c - 7. Let k be h(8). Suppose k = 5*a - 4. List the prime factors of (a*-2 + 1)*-8.
2
Suppose 2*h + 2*h - 4 = -4*a, 3*h - 8 = 2*a. Let c = a - 3. What are the prime factors of 12/(-1 - c/2)?
2, 3
Let x(k) = -k**3 - 10*k**2 - 24*k - 35. List the prime factors of x(-9).
2, 5
Let c(w) = -w**2 + 8*w + 2. List the prime factors of c(7).
3
Suppose -1689 + 485 = -7*d. List the prime factors of d.
2, 43
Suppose -j - 2*j + 24 = 0. What are the prime factors of 942/22 + j/44?
43
Let n = 4 - -20. What are the prime factors of n?
2, 3
Suppose -2*w + w = -4. Suppose 29 + 27 = w*i. List the prime factors of i.
2, 7
Let z(l) = l - 6. Let y be z(6). Suppose 12 = 4*m - y. List the prime factors of -9*m/((-9)/4).
2, 3
Let o(c) = c**3 + 7*c**2 + 8*c + 5. Suppose -r + 1 = 7. Let b be o(r). Let v(f) = -f**2 - 8*f + 3. List the prime factors of v(b).
2, 5
Let b(g) = g**3 + g**2 - g + 5. Let m be b(-4). List the prime factors of 7*(m/(-21) + -1).
2, 3
Suppose 5*q + 12 = -3. Let g(c) = -4*c + 1.